ded by 2.
1
Let s(d) = -57*d - 24. Calculate the remainder when s(-6) is divided by 10.
8
Suppose 5*m - 2*y - 375 = 2292, 4*m + 2*y - 2130 = 0. Calculate the remainder when m is divided by 77.
71
Suppose -3*o + 4*n + 206 = 0, -o + 87 - 23 = n. Suppose 4*t = 7*t - o. Suppose 0 = -c + 60 - t. Calculate the remainder when c is divided by 20.
18
Let g = 45 + 27. Let s = -403 + 418. Calculate the remainder when g is divided by s.
12
Suppose -45*d + 1890 + 180 = 0. Calculate the remainder when 227 is divided by d.
43
Suppose -h = -3*w + 14, -2*w + 2*h + 10 = h. Suppose 384 = 4*r + w*x, -r + x = -0*x - 90. What is the remainder when r is divided by 24?
21
Suppose -2*n + 23 = -5*p + 110, 4*n = 5*p - 89. Suppose v = p - 9. Calculate the remainder when 14 is divided by v.
6
Suppose -4*g - 5*n = -47 - 38, -g = -5*n - 40. Suppose 0 = 36592*w - 36589*w - 147. Calculate the remainder when w is divided by g.
24
Let c = -255 + 354. What is the remainder when c is divided by 20?
19
Suppose -2*r = -10, -4*f + 5*r + 3 = 12. Let p(l) = 12*l + 98. Calculate the remainder when f is divided by p(-8).
0
Suppose -105 = -2*n - 3*n. Suppose o + n = 2*o. What is the remainder when 33 is divided by o + -2 - (-4)/(-4)?
15
Let c = 2681 + -2425. Calculate the remainder when c is divided by 99.
58
Let w = -66 + 82. Calculate the remainder when ((-90)/(-4))/(9/12) is divided by w.
14
Let i(r) = 3*r**2 - 2*r - 6. Suppose -3*h + 15 = 4*b, -h + 4*h = 3*b - 6. Calculate the remainder when 37 is divided by i(b).
7
Suppose 960 = -150*q + 152*q + 4*r, 3*q - 2*r - 1432 = 0. What is the remainder when q is divided by 60?
58
Let n(x) = x**2 + 7*x - 3. Suppose 12*t = 15*t - 72. What is the remainder when n(7) is divided by t?
23
Let b(o) = -o**2 - 1. Let u(a) = -a**2 + 31*a - 13. Let n(t) = 6*b(t) - u(t). Let w = -22 + 85. What is the remainder when w is divided by n(-6)?
11
Let y(k) = -50*k + 464. What is the remainder when y(-8) is divided by 15?
9
Let w = 20 - 14. Suppose -254 + 92 = -w*q. Calculate the remainder when q is divided by 3*1/6*28.
13
Let d(q) = -q**2 + 5*q. Let i be d(4). Suppose -4*s + 4*w + 72 = 0, 74 = i*s - 2*w - w. Let p = s - 6. What is the remainder when p is divided by 5?
4
Suppose -5*g + g - 4 = 0, 3*k - 3 = -3*g. Suppose 0 = -2*m - 6, 219*m = -5*u + 220*m + 38. Calculate the remainder when u is divided by k.
1
Let b(v) = -3 + 17 + 7*v**2 - 4 - v**3 + 5*v. Let y(u) = u**2 - 2*u + 1. Calculate the remainder when b(7) is divided by y(5).
13
Suppose 13 = 5*d - 7, 0 = m + 3*d - 7. Calculate the remainder when -1 - (192/(-15))/(m/(-50)) is divided by 32.
31
Let b = 30 - 44. Let t = 24 + b. Let a = t - -6. What is the remainder when a is divided by 9?
7
Let c be (-2 + (-2)/4)*(-15 - -7). Let n = 4 - -2. Calculate the remainder when (32/c)/2*(-50)/(-4) is divided by n.
4
Suppose 0*a + 56 = 2*a. Suppose 0 = 3*k - 3*x - 162, 2*k - 4*x + 39 = 3*k. Suppose 2*q + 19 = k. Calculate the remainder when a is divided by q.
12
Let n be (-136)/(-28) + (-1)/(-7). Let y(i) = -2*i - 8. Let b be y(-6). Suppose 3*p = n + b. Calculate the remainder when 17 is divided by p.
2
Let c(s) = s**2 + 16*s + 60. What is the remainder when 232 is divided by c(-12)?
4
Suppose -5*c + 216 = 2*v, -73 = -2*c + 5*v + 25. What is the remainder when c is divided by 30?
14
Let a(c) = 13*c**3 - 2*c + 1. Let d be a(-2). Let x = d + 179. Let u = -33 + x. What is the remainder when u is divided by 12?
11
Suppose 5*a - 47 - 13 = 0. Suppose -5*g + 84 = -6. Suppose 7*b + 495 = g*b. Calculate the remainder when b is divided by a.
9
What is the remainder when 71 is divided by 11 + -17 + 0 + 25?
14
Suppose 147 = 5*b + 2*b. Suppose 14 = 2*l + 4*y, -l - 3*y = 4*l - b. What is the remainder when 10 is divided by l?
1
Suppose u = 5*q - 259, 3*q - 135 = -2*u + 10. Calculate the remainder when q is divided by 8.
3
Suppose 0*w = 4*o - 4*w - 1052, 2*o = 5*w + 526. Suppose -102*h - 1908 = -5784. Calculate the remainder when o is divided by h.
35
Let s(z) = 2*z + 36. Calculate the remainder when 52 is divided by s(-8).
12
Let y(w) = 7*w + 41. Calculate the remainder when y(6) is divided by 7.
6
What is the remainder when 371 is divided by 6 - (12 - 15 - (-1 - -26))?
31
Let w = 511 + -503. What is the remainder when 100 is divided by w?
4
Let u = 1144 - 1138. Calculate the remainder when u is divided by 12/(-4*(-3)/6).
0
Suppose -2953 + 3217 = 8*b. What is the remainder when 491 is divided by b?
29
Let p = -1696 + 1736. Calculate the remainder when p is divided by (-1 - 1 - -13) + 0.
7
Let j(c) = 34*c**2 - 2*c - 2. Suppose -8 + 2 = 6*r. Let v be j(r). Suppose 0 = 2*n - 3*n + v. What is the remainder when n is divided by 18?
16
Let m(r) = -2*r**2 - 8*r + 1. Suppose u - 4*p - 1 = 5, -u - 4*p = -14. Suppose 6 = -4*h + u. Calculate the remainder when h is divided by m(-4).
0
Suppose -5*q = 2*o - 31, -q - q + 28 = 2*o. Suppose 2460 = 9*y + 2118. What is the remainder when y is divided by o?
12
Let o be 1*13 - (-4)/(-4). Suppose d - o = -2*d. What is the remainder when 90 is divided by 26 - (-6)/(-8)*d?
21
Suppose -86*z + 99*z = 5408. Calculate the remainder when z is divided by 19.
17
Let s = 1229 - 1207. Let t = -24 - -14. Let g = t + s. What is the remainder when 45 is divided by g?
9
Let q be 816/18*3/2. Let r = q - 40. What is the remainder when 110 is divided by r?
26
Let t(h) = h**3 - h**2 - 2*h + 15. Calculate the remainder when 206 is divided by t(0).
11
Let o(j) = j**2 + 19*j + 25. Let x(w) = w**3 + 11*w**2 - 15*w + 5. What is the remainder when x(-12) is divided by o(-18)?
6
Let u = -1482 + 1658. Calculate the remainder when u is divided by 91.
85
Suppose 0*l - l = -4*z + 656, -l = 4*z - 664. What is the remainder when z is divided by 42?
39
What is the remainder when 625 is divided by -4 - 3924/24*(-8)/12?
100
Let w(h) = 20*h - 30. What is the remainder when 35 is divided by w(2)?
5
What is the remainder when 71 - 1 - (1 + -1 + -3) is divided by 16?
9
Suppose 2*s + 3*b - 399 = 0, -160 = -s + b + 27. Calculate the remainder when s is divided by 20.
12
What is the remainder when (92/(-8))/(((-15)/70)/3) is divided by 90?
71
Suppose i = -8*i + 135. Let p = -16 + 34. Suppose -4*n = -2*n - p. What is the remainder when i is divided by n?
6
Suppose 5*m = 2*o + 91 + 184, 4*o = 2*m - 126. Let z = 86 - m. What is the remainder when z is divided by 13?
7
Let h(d) = 24*d**3 + 4*d + 5*d**2 - 2 + 0 - 25*d**3. Let a = 26 - 16. What is the remainder when h(3) is divided by a?
8
Suppose 4*k + 2 - 380 = 2*l, 3*k + 3*l - 261 = 0. What is the remainder when k is divided by 108/45*80/6?
28
Let a be (-72)/54 - (-25)/3. Let n(z) = z - 4 + z + z. What is the remainder when 31 is divided by n(a)?
14
Let c = 117 + -106. Let k be (1 - 2) + 1 + 7. Let g = k - -13. Calculate the remainder when g is divided by c.
9
Let j be (0/(-8))/(-1 + 3). Suppose j = -3*b - 2*b + 110. Suppose -l + 2*y = y - 8, -l + 16 = -5*y. Calculate the remainder when b is divided by l.
4
Suppose i = 2*c + 9, -5*i - 3*c + 75 = 2*c. What is the remainder when 214 is divided by i?
6
Suppose -6*m = -4*n - 3*m + 342, 3*n = 5*m + 262. Calculate the remainder when n is divided by 18.
12
Let i = -257 - -294. Let l = 19 + -9. Calculate the remainder when i is divided by l.
7
Suppose -w - i + 56 + 5 = 0, -5*w - i + 309 = 0. Calculate the remainder when 431 is divided by w.
59
Let f = -6 - -45. What is the remainder when f is divided by 10/(-1) - (-1680)/56?
19
Let y be (12/10)/((-21)/(-70)). Suppose -43 = -y*w + 25. Calculate the remainder when 49 is divided by w.
15
Let t(g) be the first derivative of g**4/4 - 2*g**3/3 + 7*g + 11. What is the remainder when t(3) is divided by 9?
7
Let t be (4/6)/((-13)/(-1248)). Suppose 2*q - t = q. What is the remainder when q is divided by 11?
9
Let k(y) = -y**2 - 28*y + 31. What is the remainder when k(-26) is divided by 33?
17
Suppose -10*v + 6 - 26 = 0. What is the remainder when ((-3)/v)/(5108/(-1280) - -4) is divided by 23?
22
Let i(y) = y**2 + 4*y + 9. Let t be i(-4). Let p(j) = -j**3 + 7*j**2 + 19*j + 8. What is the remainder when p(t) is divided by (-1 - 3*-2) + 1?
5
Let o(z) = 11*z**2 - 5*z - 3. What is the remainder when o(4) is divided by ((-82)/4 + 1)*(-398)/199?
36
Let k(w) = -w**3 - w**2 + 6*w + 3. Let x(o) = -355*o + 1781. What 